7
Suppose -4*u + c = -15, -16 = -3*u + c - 5*c. Suppose -6 = -t + u. Suppose -2*d = -3*f - 5, 0 = 5*d + 2*f - t - 31. What are the prime factors of d?
7
Suppose -4*b + 2*t + 5536 = 0, -2*b + 8*t + 2776 = 11*t. List the prime factors of b.
5, 277
List the prime factors of 1524 + (-10)/15 + 22/6.
3, 509
Suppose -4*i + 3*q - 6 = 7, -3*q - 15 = 0. Let c(b) = b**3 + 6*b**2 - 10*b - 3. What are the prime factors of c(i)?
2, 3
Let t be -2 - (-33)/18 - (-2606)/12. Let j = -79 + t. What are the prime factors of j?
2, 3, 23
Let z = 11 + -9. Suppose -t + z = -0. List the prime factors of (0 - t)/(1/(-2)).
2
Let b(l) = -155*l**3 - l**2 + 6*l + 4. List the prime factors of b(-2).
2, 307
Let a(y) = -6*y**3 + 92*y**2 + 12*y + 18. List the prime factors of a(15).
2, 3
Let h(t) = -t**2 + 6*t + 6. Let o be h(5). Suppose -3*j + o = 2. List the prime factors of 4/j*(-108)/(-8).
2, 3
Let s(v) = -v**3 - 3*v**2 + 2*v + 3. Let l be s(-3). List the prime factors of 529/5 + l/(-15).
2, 53
Let y be ((-18)/(-4))/((-10)/60). What are the prime factors of y/18*(-388)/6?
97
Suppose 0 = 5*p - 15 + 295. Let n = 94 + p. What are the prime factors of n?
2, 19
Let q(i) = i**3 - 3*i**2 - 4*i + 3. Let l be q(3). Let x(a) = -a**3 - 9*a**2 - a + 1. Let s be x(l). Suppose 2*b - s = -3*b. List the prime factors of b.
2
Let r = 227 - -1241. List the prime factors of r.
2, 367
Suppose 23*c - 8673 = 9014. What are the prime factors of c?
769
Let n(x) = -11*x**3 - 2*x**2 + 3*x + 4. Let u be n(-2). Suppose m - u = -2*m. Suppose 0 = -3*k + k + m. List the prime factors of k.
13
Let d(a) = -a**2 + 42*a - 42. List the prime factors of d(34).
2, 5, 23
Suppose 0 = -o - 25 + 13. Let m be ((-90)/(-27))/((-1)/o). List the prime factors of 79/5 - (-8)/m.
2
Let l = 7218 + -2520. List the prime factors of l.
2, 3, 29
Suppose 4*i = -92 - 4. Let q = i - -69. What are the prime factors of q?
3, 5
Let z = 5 - 1. Suppose z*x - 5*x + 13 = 0. Suppose -5*y + x + 2 = 0. What are the prime factors of y?
3
Let f(d) = d**3 + 8*d**2 + 7*d + 8. Let w be f(-8). Let k be (-16)/(-6)*(-120)/32. Let g = k - w. What are the prime factors of g?
2, 19
Let q = -1847 + 3378. List the prime factors of q.
1531
Let j(d) = -5*d**2 + 23*d + 6. Let t be j(6). Let o = 62 + t. What are the prime factors of o?
2, 13
Let d(t) = 3*t**2 + 5*t + 12. Let h be 26*(-2)/10 + (-6)/(-30). What are the prime factors of d(h)?
2, 31
Let r be (1 - -1)/((-9)/(-27)). What are the prime factors of (-5)/15 - (-494)/r?
2, 41
Let k be 1/4 + (-9)/36. Suppose 0 = 4*l - 16, k*r + 110 = 5*r + 5*l. Let b(m) = -m**2 + 20*m - 1. What are the prime factors of b(r)?
5, 7
Let h = -517 + 1856. What are the prime factors of h?
13, 103
What are the prime factors of 12/18*(-6)/12*-2955?
5, 197
Let i = -13 + 18. Suppose -k - 3*t + 9 = 0, k = -3*k + i*t + 2. What are the prime factors of k?
3
Let y = -55 - -60. Suppose -88 = -h + s, -s + 246 + 182 = y*h. List the prime factors of h.
2, 43
Let m = 289 - -3388. What are the prime factors of m?
3677
Let r be (-2 + (-38)/(-6))*3. Suppose -11 = -4*b + r. Suppose -5*w + b*w - 28 = 0. List the prime factors of w.
2, 7
Let v(l) = -422*l + 32. What are the prime factors of v(-3)?
2, 11, 59
Let o be 2/5 + (-34)/85. Suppose -5*g + 39 + 11 = o. Suppose -g = -3*x + 29. List the prime factors of x.
13
Let u(v) = 3*v. Let r be u(15). Suppose 0 = -g - 0*g + r. List the prime factors of g.
3, 5
Let s(r) = r**2 - 1. Let z be s(4). Suppose -1820 = -z*x + 1465. What are the prime factors of x?
3, 73
Let r = 14 - 10. Suppose 152 = r*g - 4*n, -2*g - n + 85 = -0*n. Let a = 71 - g. List the prime factors of a.
2, 3, 5
What are the prime factors of (-4243)/(-2) - (-649)/118?
3, 709
Let z(u) = -u**2 + 11*u - 10. Let k = 19 + -9. Let p be z(k). Suppose p = 3*j - 8*j + 55. What are the prime factors of j?
11
Let s = 60 - 51. List the prime factors of s.
3
Let o = 95 + -141. Let c(s) = -3*s + 28. Let y be c(-15). Let t = o + y. What are the prime factors of t?
3
Let s be (8 + -10)*(-186)/4. Let z = s - -55. Suppose 4*b = 5*p - 180, -4*p + 0*b = -4*b - z. What are the prime factors of p?
2
Let t = 129 + -69. Suppose 2*n + 728 = 4*c, -t = 4*c + 5*n - 774. List the prime factors of c.
181
Suppose -5*d = -5, -4*r + 1997 = -3*d - 4404. What are the prime factors of r?
1601
Suppose 2592 = -45*t + 49*t. List the prime factors of t.
2, 3
Let s = -17 + 4. Let h(d) = -4*d + 1. List the prime factors of h(s).
53
Let m = -1301 + 1889. Suppose -m = -2*n - 4*n. What are the prime factors of n?
2, 7
Let p(b) = b**2 + 9 + 5*b + 0*b**2 + 2 + 9*b. What are the prime factors of p(-17)?
2, 31
Suppose -5*f + 29 = 4*b, 3*f - 11 = -b - 2*f. Suppose -2*t = -2*z - 434, -883 = 2*t - b*t + z. List the prime factors of t.
2, 3, 37
Let g(f) = 30*f - 4. Let k(u) = -31*u + 5. Let h(l) = 4*g(l) + 5*k(l). What are the prime factors of h(-2)?
79
Let b(y) be the first derivative of y**2/2 + 19*y + 7. What are the prime factors of b(-12)?
7
Suppose y - 5*j = 3278, -4198 - 2403 = -2*y - 5*j. What are the prime factors of y?
37, 89
Let j(o) = o**2 + 2*o - 22. Let c be j(-8). Suppose c*b - 501 = 23*b. What are the prime factors of b?
167
What are the prime factors of ((-136)/16 - -6)*(-612)/10?
3, 17
Let s be 1*(3 + 0 - -1)*3. List the prime factors of 14/4*s/2.
3, 7
Let c = 63 + -60. Suppose 2*p + 41 = c*p. What are the prime factors of p?
41
Suppose 6*z + 1826 = 3*u + 4*z, 0 = u - 4*z - 592. What are the prime factors of u?
2, 3, 17
Let l be 3/2*110/15. Suppose 0 = -8*b + l*b - 165. List the prime factors of b.
5, 11
Let y = 51 - 14. Suppose -74 - y = -3*m. What are the prime factors of m?
37
Let m be (-1)/(3984/(-796) - -5). Suppose -212 - m = -3*r. List the prime factors of r.
137
Let t(u) = u**3 - 3*u**2 - 2*u + 2. Let x be t(4). Suppose -5*h - x = -6*h. What are the prime factors of h?
2, 5
Let i be 3/(-6) + 13/2 + -3. Suppose i*q + 246 = 3*s - 141, s + 4*q = 114. List the prime factors of s.
2, 3, 7
List the prime factors of -4*((-3)/(-3))/((-1)/57).
2, 3, 19
Let l(q) = -81*q**3 - 4*q**2 - 13*q - 5. List the prime factors of l(-2).
653
Suppose 0 = 78*n + 13*n - 301119. List the prime factors of n.
3, 1103
Let f(x) = -x**2 - 42*x - 13. List the prime factors of f(-33).
2, 71
Let o = 2 + 0. Suppose 2*a + 1 = o*t - 3, -2*a + 8 = 0. Suppose -t*r + 288 = -2*r. What are the prime factors of r?
2, 3
Let j(x) = -x**2 + 2*x + 5. Let v be j(4). What are the prime factors of (-75)/(-1) - v/(-1)?
2, 3
Let j(o) = 7*o + 16. Let r be (-3)/2 + 30/(-4). Let s be j(r). Let p = 8 - s. List the prime factors of p.
5, 11
Suppose -24 = 3*u + 3*u. List the prime factors of 291/3*(u - -5).
97
Let a be (-2 - (-1 + 0))*-4. Let o be a/26 + (-96)/(-52). Suppose -3*d - 2*f + 73 = 0, -o*f + 3*f = -4*d + 99. What are the prime factors of d?
5
Suppose -4*h = 8*h - 17112. What are the prime factors of h?
2, 23, 31
Suppose -4*q - 12 = 4*s, -q + 3*s + 0 = -9. Suppose -p - 3*p + 496 = q. What are the prime factors of p?
2, 31
Let f = 299 + -76. What are the prime factors of f?
223
Suppose 2*w = -5*g + 29, -3*w + 2*w + 10 = -2*g. Let i = w - 16. What are the prime factors of 110/6 - i/(-12)?
2, 3
Suppose 26*p = 25*p + 10. Let q(f) = f**3 - 10*f**2 + 6*f - 10. List the prime factors of q(p).
2, 5
Let k be ((-10)/3)/(1/(-3)). Let q be 297/6 - 2/(-4). Suppose q = 3*i - k. What are the prime factors of i?
2, 5
Let u = 68 - 62. What are the prime factors of 3 - (-13 - (-2 + u))*11?
2, 5, 19
Let q(x) = 101*x + 2. Let j be q(2). Let u = j + -5. What are the prime factors of u?
199
Let k(q) be the third derivative of q**5/60 + 3*q**4/8 + q**3/3 + 5*q**2. Let m(f) be the first derivative of k(f). List the prime factors of m(7).
23
Suppose 11 = 2*b + 5*n - 3, -5*n + 8 = -b. Suppose 3*c - 4*r - 127 = 11, -r = b*c - 103. What are the prime factors of c?
2, 5
Let j(d) = -d**3 - 12*d**2 - 2*d - 3. Let u be j(-13). What are the prime factors of u + -5 + (1 - -8)?
2, 7
Let m be 2/6 + (-49)/21 + 6. Suppose -4*g - m*z + 100 = 0, 0 = g + g + z - 50. List the prime factors of g.
5
Suppose -4*p = -r - 4*r + 5080, 0 = 5*r + 5*p - 5035. What are the prime factors of r?
2, 11, 23
Let n = 33 + -27. Let b(o) = -o**3 + 9*o**2 - 5*o - 2. List the prime factors of b(n).
2, 19
Let w be 3/1*14/(-3). Let k = 63 + w. List the prime factors o